 + 10, 3*m = -4*p + 102. Let d(n) = p - 67 + 9 + 2*n + 22. Determine d(11).
10
Let m be 100/(-40)*(-6)/(-4 - -7). Let v(i) be the first derivative of -1/4*i**4 + i - i**2 + 1 + 2*i**3. Calculate v(m).
16
Let v(q) = q**2 + 8*q - 6. Let c be (-3)/((-39)/(-2)) - 871/(-169). Let g be -5 + -2 + c - (-35 + 1). Let l be (-78)/8 + 24/g. Calculate v(l).
3
Let t(r) = -r**3 - 6*r**2 - r - 2. Let s(l) = 13*l**2 + 22 - 24*l**2 - 26 - 2*l - 2*l**3. Let c(y) = 6*s(y) - 11*t(y). What is c(-3)?
28
Let p(g) = -7*g - 8. Let t(l) = -14*l - 14. Let s(b) = 5*p(b) - 3*t(b). Calculate s(5).
37
Let b(g) = 2*g + 107. Let n(d) = -76. Let i(a) = -b(a) - 2*n(a). What is i(15)?
15
Let w be (-30)/(-10)*(-2)/6. Let t be (1 - (w + -2)) + -1. Suppose -t*x + 5 = 2. Let v(o) = 7*o**3 + 2*o - 1. Give v(x).
8
Let s = -19999 + 20009. Let k(j) = j**3 - 8*j**2 - 19*j - 5. Calculate k(s).
5
Let q(g) = 2*g + 5. Let z(p) = -p**3 + 4*p**2 - 2*p + 2. Let a be z(3). Suppose -a*b + 2*w = -w + 59, -w - 7 = b. Let k be (-338)/65 + (-2)/b. Determine q(k).
-5
Let n(d) be the third derivative of -2/15*d**5 + 0*d - 1/3*d**3 - 1/24*d**4 - 16*d**2 + 2. What is n(-2)?
-32
Suppose r = 5*s - 20, s + 2*r + 1 = -2*s. Let q(m) = -6*m**3 - m**2 - 2*m - 2. Let x(d) = -3*d**3 - d - 1. Let h(f) = s*q(f) - 5*x(f). Calculate h(-2).
13
Suppose 3*a = a - t + 2, 3*a = t + 8. Let w be -6*a/10*80/(-24). Suppose 0 = -3*c - 0*c + w*c. Let n(m) = -m + 4. Give n(c).
4
Let z(o) = -o**3 + 6*o + 3. Let a be z(3). Let s(u) = u**2 + 10*u + 21. Calculate s(a).
-3
Let n(r) = -2*r + 13. Let x = -59 + 4. Let y be (-2)/(-12) + (-12465)/270. Let z = y - x. Determine n(z).
-5
Let r(u) = u**2 - 11*u + 38. Let f be r(6). Let v(k) = 500*k**3 - k - 501*k**3 - f - 3*k**2 + 3*k**2. What is v(0)?
-8
Let c = -1046 - -727. Let z = c - -312. Let n(k) = k**2 + 10*k. What is n(z)?
-21
Let r(l) = l**3 - l**2 + l + 1. Let n(z) = 5*z**3 - 14*z**2 - 12*z - 3. Let m(s) = n(s) - 6*r(s). Calculate m(-4).
-1
Let a(q) be the third derivative of 2*q**2 + 1/24*q**4 + 26 - 5/6*q**3 + 0*q. Give a(5).
0
Let j = -211 - -292. Let q = j - 81. Let o(f) = f**3 - 8. What is o(q)?
-8
Let k(a) = -a**2 + 4*a + 4. Let i = -157 + 156. Let b be k(i). Let n(h) = -7*h**3 - 2*h**2 + 1. Give n(b).
6
Suppose 24*c = 22*c + 6. Suppose -c*p = k - 15, -k = k - 4*p. Let x(t) = 9*t + 6 - 22*t - 6*t**2 - t**3 + k*t + 4*t. Give x(-5).
-4
Let t(z) be the first derivative of 118 - 1/2*z**2 - 8*z. Determine t(-6).
-2
Let h(d) = 5*d**2 - d. Let z(k) = -10*k - 30. Let f(l) = 11*l + 29. Let c(w) = -5*f(w) - 6*z(w). Let a be c(-6). Suppose 3*u + a = -2*u. What is h(u)?
6
Let l(b) = -b**2 - 33*b - 16. Let j be l(-9). Let p(v) = -j*v**2 + 391*v**2 + 1 - 197*v**2. What is p(-1)?
-5
Let h(c) = 1563*c + 1551*c - 4670*c + 3*c**2 + 1559*c. Let j be (-3)/(6/8) - -1. Calculate h(j).
18
Let c = -68 + 62. Let a be (2 + c)*(3465/(-20))/(-9). Let r be 24/(-14) - (-22)/a. Let s(h) = -h**2. Determine s(r).
-4
Let m(b) = -b**2 + 6*b - 3. Suppose -3*g + 15 - 1 = c, 5*c = 10. Suppose l = -a + 2, a + g = 5*l - 3*l. Determine m(l).
5
Let q(g) = 2*g**2 + 7*g + 7. Let r(h) = -1 + 0 + 8379*h**2 - 8380*h**2. Let k(m) = -q(m) - 3*r(m). What is k(8)?
4
Suppose v + g = 2, 4*v + 12*g - 13 = 9*g. Let u(j) = 2*j**2 - j + 3. Let p(k) = -15*k**2 + 16*k - 24. Let t(q) = v*u(q) + p(q). What is t(4)?
17
Let p(t) = 348 + 350 + t - 694 + t - 3*t. Suppose 2*v = 8 + 2. Give p(v).
-1
Suppose -45*s - 105 + 510 = 0. Let k(t) = -t**3 + 11*t**2 - 14*t + 8. Calculate k(s).
44
Let i(q) = 3*q**2 - 7*q + 4. Let s be i(2). Let h be 3 + -6 + 6 - (-2 + s). Let z(d) = -d**3 + d**2 + d. Give z(h).
-15
Let h(a) be the first derivative of -1/2*a**2 + 1/6*a**4 - 10 + 25*a + 0*a**3. Let x(l) be the first derivative of h(l). Calculate x(-1).
1
Let b(r) = r**3 + 12*r**2 + 22*r + 36. Let n be b(-10). Let u(z) = -4*z**2 - 17*z + 7. Let p(q) = 3*q**2 + 17*q - 8. Let d(o) = -5*p(o) - 4*u(o). What is d(n)?
-4
Let o(a) = -20*a - 25. Let n = -7240 + 7236. Give o(n).
55
Let a(z) = -z**2 - 6*z + 12. Suppose -20*n - 92 = 48. Determine a(n).
5
Let h(q) be the first derivative of 2*q**3/3 - q**2 + 5*q - 414. What is h(5)?
45
Suppose -3*x = -x + 5*k + 11, 3*x - 4*k - 18 = 0. Let z be 0/x*(-5)/(-10)*2. Let f(u) = u**3 + u**2 - 2. Calculate f(z).
-2
Suppose -17*p + 7*p + 20 = 0. Let d(v) = 2 + v**3 - 3*v + p*v**2 + 1 + 5 - 5. Let g = -11 + 8. Determine d(g).
3
Let w(d) = 4*d**2 + 5*d - 3. Let s = 5 - 2. Let q(a) = 6*a + 47*a**2 - s + 53*a**2 - 95*a**2. Let m(g) = 3*q(g) - 4*w(g). What is m(-3)?
0
Let l(m) be the first derivative of -m**2/2 - 5*m + 2. Suppose 134 = 5*b + 2*h, 110 = -4*b + 8*b + 3*h. Suppose b*s - 25*s = -9. Calculate l(s).
4
Let n = 263 + -262. Let d(y) = -n + 3 + 5*y + 4*y - 5*y. Determine d(2).
10
Let t(b) = b**2 - b - 4. Let j = 650 + -658. Determine t(j).
68
Let f(j) = j**3 - 10*j**2 + 2*j - 9. Suppose 0 = -5*r - h + 43 + 8, 4*r + 2*h = 42. Calculate f(r).
11
Let z(l) be the third derivative of 0 - 7/6*l**3 + 1/24*l**4 + 76*l**2 + 0*l. Calculate z(5).
-2
Let u(o) be the first derivative of -o**3/3 + 3*o**2 + o - 1. Let z be 9*24/(-126)*7/(-2). Suppose 5*p - 20 = 2*f, 5*f = p - z*p + 55. Determine u(p).
1
Let q(b) = 2*b + 17. Let g = -3118 - -3121. What is q(g)?
23
Let o(g) = -g**3 - 7*g**2 - 6*g - 3. Suppose 70 + 425 = 15*x. Suppose -x = 3*v + 8*v. Let u be 1 + (v - (-12)/(-3)). What is o(u)?
-3
Let c be -1 - 0 - (-1 - -1). Let h(y) be the third derivative of 17*y**6/120 - y**5/60 + y**3/6 + 2*y**2 + 10039. What is h(c)?
-17
Suppose 24 + 12 = -4*x. Let k be 0*(4 + x/2). Let v(s) = -2*s**2 + k*s**3 - s**3 - 2*s**2 - 74*s - 2 + 70*s. What is v(-2)?
-2
Let u = -62 - -64. Let a(k) = 4*k + 0*k - 3*k**u + 0*k**3 + 5 - k**3. Give a(-4).
5
Let x = 137 - 125. Suppose -7*p + 6 = -2*d - 9*p, -x = 4*d - 3*p. Let n(j) = -j**3 - j**2 + 2*j. Give n(d).
12
Suppose 4*r - 68 = -5*u, 5*r + u - 5*u - 44 = 0. Let z be (-1)/6 + (-82)/r. Let b(q) = 5*q + 1 + 2*q - 5*q + 3. Determine b(z).
-10
Let x = -3534 + 3542. Let r(t) = -3*t - 16. Give r(x).
-40
Let n(x) = x**2 - 28*x - 242. Suppose -159 = 15*s - 54. What is n(s)?
3
Let j(o) = 2*o**2 - 1. Let y(t) = t**2 - 6*t + 15. Let x be y(4). Suppose -x*v - 15 = -1. Calculate j(v).
7
Let s be (130/(-25))/((-12)/(-30)). Let v(o) = o**3 + 13*o**2 + 9. What is v(s)?
9
Suppose -8*p - 1 = -6*p + 5*y, 3*p - y + 10 = 0. Let s be (p - 452/(-24)) + 2/12. Suppose 9*o = 7*o + s. Let j(g) = -g**2 + 10*g - 2. Calculate j(o).
14
Let r(t) = 4*t**2 + 12*t - 24. Suppose 10*w - 19*w - 22 - 14 = 0. Calculate r(w).
-8
Let g(o) be the second derivative of 31*o**3/6 + o**2/2 - o + 683. What is g(-3)?
-92
Let r(h) = -28 - 18*h**2 - 93*h + 5*h**2 + 89*h + 12*h**2. Calculate r(0).
-28
Let u = -18 - -19. Let w(d) = -2*d**2 + 0 + 2 - 29*d + u + 37*d. Determine w(6).
-21
Let f(n) = 408*n + 2887. Let r be f(-7). Let k(a) = 4*a - 129. Give k(r).
-5
Let d(i) = i**3 + 7*i**2 + 7*i - 1. Let u(r) = -2*r - 10. Let x(a) = 5*a - 37. Suppose 7 - 28 = -3*y. Let l be x(y). Let t be u(l). Calculate d(t).
-7
Let j(o) = 56*o - 12035. Let r be j(215). Let y(i) be the first derivative of -i**4/4 + 2*i**3 - 4*i**2 + 4*i + 1. Determine y(r).
-11
Let g(v) = 0*v - 4*v + 5*v + 6. Let p(z) = -z**2 - 2*z + 18. Suppose -4*a + 16 = -4*o, -3*o + 8*o = -3*a + 12. Let d be p(a). Give g(d).
0
Let k = 1259 - 1250. Let l(b) = 2*b - 24. Determine l(k).
-6
Let y(a) be the first derivative of -a**2 - a + 88. Let f be ((-18)/(-4))/((-11)/(-22)). Determine y(f).
-19
Let x(q) = -q**2 + 7*q + 22. Let z be x(9). Let w(k) = 9*k + 3*k + z*k + 2 - 17*k. Give w(2).
0
Let p(f) = -f**2 - 1. Let q(o) = -o**2 - 3*o - 2. Let t(n) = 2*p(n) - q(n). Let u(h) = -h**2 - 4*h + 5. Let a = -21 - -17. Let g be u(a). Determine t(g).
-10
Let a be (-2)/(-4) + (480/2640)/((-4)/(-11)). Let h(t) = -61*t + 27*t + 26*t. Calculate h(a).
-8
Let g be -8*(10/(-4) + 2). Suppose 4*u + 3*d + 6 = 1, -8 = g*u + 4*d. Let n(h) = -15*h**2 - h + 1. Determine n(u).
-15
Let s be (0 - 51/(-12)) + (-12)/48. Let u(f) = -52*f + 3 + 52*f - s + 3*f**2. Calculate u(1).
2
Suppose -3*c - 855 = -4*c + 5*i, 0 = -5*c - i + 4197. Let u be (4/(-6))/((-7)/c). Let m be -3*(u/15)/(-4). Let n(b) = -b**2 + 5*b + 2. What is n(m)?
6
Let u(l) = -l - 2. Suppose 3*h = -5*m - 65 + 125, h = -3*m + 24. Let b be ((0 - 1)*-4)/(-11 + h). Determine u(b